rime factors of o(d).
3, 7, 13
Suppose 20*w - 53736 = -4*w. List the prime factors of w.
2239
Let a(b) be the second derivative of -b**4/12 - 25*b**3/6 + 4*b**2 + 29*b. What are the prime factors of a(-11)?
2, 3
Let t(s) = -12*s - 7. Let i(f) = -203*f - 119. Let l(r) = 2*i(r) - 35*t(r). What are the prime factors of l(5)?
7, 11
Let q(c) = 18*c - 10. Let y be 12/5 - (-9)/15. Let v be q(y). Let o = -10 + v. What are the prime factors of o?
2, 17
Let i(k) = -k**3 + 12*k**2 + 2*k + 7. Let n be i(12). Let g = n - 10. What are the prime factors of g?
3, 7
Let o be -2 - (-27)/12 - (-442)/(-8). Let p = o + 59. List the prime factors of p.
2
Let a be 586/7 + (-10)/(-35). Let g(l) = -8*l - 1. Let j be g(6). Let b = a + j. List the prime factors of b.
5, 7
Let z(u) = -257*u - 4. What are the prime factors of z(-3)?
13, 59
Let h = -1282 + 876. List the prime factors of h/(-4) + (-5)/2 + 2.
101
Let c(r) = -r**2 + 32*r + 16. Let z(b) = 8*b**2 - 6*b + 7. Let f be z(2). List the prime factors of c(f).
151
Let p = -4998 - -7435. List the prime factors of p.
2437
Suppose c + 1 = -m + 4, c - 18 = 2*m. Let x = c + -8. Let z(s) = s**3 + s**2 - s + 11. List the prime factors of z(x).
11
What are the prime factors of (-329312)/(-533) - 4/(-26)?
2, 3, 103
Suppose 4*d + 2362 - 6179 = -m, -m = -2*d + 1901. What are the prime factors of d?
953
Suppose 6*i = 5*i - 5*g + 322, g = 2*i - 600. What are the prime factors of i?
2, 151
Suppose -516 = -5*v + 49. Suppose 4*b + v = 5*w, 2*w = -b + 3*b + 58. Let o = -10 - b. What are the prime factors of o?
2, 11
Suppose 8 = -a - 11. Let h(o) = o**2 + 18*o + 37. What are the prime factors of h(a)?
2, 7
Let r be (-6)/4 + 3/(-6). Let p = 4 + r. Suppose p*w = 5*u - 126 - 16, 5*u - 3*w = 138. List the prime factors of u.
2, 3, 5
Let o(h) = h - 4. Let w be o(8). Suppose -5*k - q + w = -3, -5 = 5*k + 5*q. Suppose k*u - 29 - 63 = 0. List the prime factors of u.
2, 23
What are the prime factors of (3495/(-30))/((-1)/2)?
233
Let g = 140 - 284. Let y = -33 - g. List the prime factors of y.
3, 37
Let d = 570 + -392. What are the prime factors of d?
2, 89
Suppose -2*g + 11 = 3*y, g - 2 = -4*y + 1. Let l(z) = z**2 - 3*z + 17. Let t be l(g). Let x = t - 31. List the prime factors of x.
2, 7
List the prime factors of (0/1 - -7) + 1541.
2, 3, 43
Suppose 0 = 4*k - 3*y - 267, 5*k - 4*y - 333 = 0. Let g = k + 33. What are the prime factors of g?
2, 3, 17
Let k(g) = -g**2 + 12*g + 5. Let n = 26 + -11. Let q be k(n). Let v = q - -78. List the prime factors of v.
2, 19
Let t be -3 + -1 + (-3 - -241). Let c = t - 112. List the prime factors of c.
2, 61
Let j be (-3)/(-6) - (-858)/4. Suppose p + 139 = 3*f, 3*f - 5*p = -2*f + j. List the prime factors of f.
2, 3
Let n be (-2394)/(-30) - (-2)/10. Let x(q) = q + 6. Let l be x(-3). Suppose -k = l*k - 3*z - n, 0 = -3*k - 5*z + 89. List the prime factors of k.
23
Let k = 0 + 0. Suppose -2*a = -k*a - 4. What are the prime factors of 33 + ((-8)/a - -3)?
2
Let r = 3783 + -2625. List the prime factors of r.
2, 3, 193
Let i(x) = x**3 - 7*x**2 - x. Let s be i(7). Let j(m) be the first derivative of 2*m**3/3 + 5*m**2 - 2*m - 21. List the prime factors of j(s).
2, 13
List the prime factors of (6/3)/(11 + -13) - -110.
109
Suppose -5*v - 3*o = -26, 2*o + 4 = -3*v + 19. Let x = v - 2. List the prime factors of x.
5
Let v(z) = z**3 + 3*z**2 - 5*z + 7. Let h be v(-5). Let s = 23 + h. Suppose -s*f + 0*o = -o - 199, -2*f - o + 74 = 0. What are the prime factors of f?
3, 13
Let o be 0/1*(-1 - 0). Suppose -12*z + 6*z + 606 = o. What are the prime factors of z?
101
Let t(a) = a**2 + 80*a + 30. List the prime factors of t(-84).
2, 3, 61
Let c(u) = 3*u**3 - 3*u**2 - u + 6. Suppose 5*p - 3*t - 9 = 3*p, 5*t + 14 = 3*p. List the prime factors of c(p).
3, 19
Let v(q) = -q**3 + 3*q**2 + 4*q - 115. List the prime factors of v(-8).
557
Let w be 3*((-22)/3 - -4). Let q be (-50)/(-20)*(-8)/w. Suppose 2*p + 0 + 4 = 0, -2*b + q*p + 38 = 0. List the prime factors of b.
17
Suppose g - 87 = -2*g. Suppose 2*m = 3*k - g, k + 17 = -m - 0*k. Let j = m - -55. What are the prime factors of j?
3, 13
Let a(d) = -12 - 37 + 52 + 7*d. Let k = 8 + -4. What are the prime factors of a(k)?
31
Let m(s) = 6*s**2 + s + 1. Suppose v = 4*v + 3. Let a be m(v). Suppose 4*p = -a + 54. List the prime factors of p.
2, 3
Let j = 313 + -185. Let o = 15 + j. List the prime factors of o.
11, 13
Suppose 3*j = 8*j - 15. Suppose -b + 152 = j*b. Suppose -b = -q - q. List the prime factors of q.
19
Suppose -32*w + 29*w + 45 = 0. Let v = w + -15. Suppose v = p - 4*p + 120. What are the prime factors of p?
2, 5
Let m = 1577 - -181. What are the prime factors of m?
2, 3, 293
Let c = -689 + 997. List the prime factors of c.
2, 7, 11
Let z(o) = -3*o - 6. Suppose -5*g + 8 = -27. Let a be z(g). List the prime factors of a/(-6)*30/9.
3, 5
Let i = -43 + 22. List the prime factors of ((24 + 0)*i/28)/(-1).
2, 3
Suppose -5*c + u = -2547, c - 2*u + 2032 = 5*c. List the prime factors of c.
509
Suppose -3*g + 21 = 3*j, -j - 8 = -5*g + 3*j. Suppose -v + 0*v + 5*r + 78 = 0, 4*v - g*r - 280 = 0. What are the prime factors of v?
2, 17
Let f be 4/(-12)*3*0. Suppose f = -3*n - 2*k + 134, 5*n = 3*k + 2*k + 190. Suppose 0 = -2*p + 8, 3*p - n = -2*y + 44. List the prime factors of y.
37
Let m = -21 - -25. Suppose 0 = -m*c - 6 + 2. List the prime factors of c/((-1 - -4)/(-36)).
2, 3
Let s(v) = 54*v - 274. What are the prime factors of s(27)?
2, 37
Let c(b) = -3*b + 2*b + 11 + 23 + b**2. List the prime factors of c(0).
2, 17
Let t = 1035 - 609. List the prime factors of t.
2, 3, 71
Suppose -10*x - 5*k = -8*x - 353, 0 = x + 5*k - 164. What are the prime factors of x?
3, 7
Suppose 3*r = -4*b + 4, -4*b = -r + 5*r - 12. What are the prime factors of (-237)/(-6)*2 - (r + -8)?
79
What are the prime factors of -4*((-1470)/12 + 7)?
2, 3, 7, 11
Let h be ((-20)/(-7))/(8/28). What are the prime factors of (-33)/(-5) + h/25?
7
Let n = 224 + -81. List the prime factors of n.
11, 13
Let z(y) = y**3 - 17*y**2 + 16*y - 49. Let c be z(16). Suppose 209 = 5*f - 3*m - 156, 5*f - 2*m = 360. Let d = f + c. What are the prime factors of d?
3, 7
Let n be (-2)/(-3) - 650/(-6). Suppose 72*t = 70*t + 122. Let a = n - t. What are the prime factors of a?
2, 3
Let m be ((4 + -4)*(-1)/(-3))/(-1). Suppose l - i + 0*i - 12 = m, -34 = -2*l + 4*i. List the prime factors of l.
7
Let m(f) = f**3 - 5*f**2 - 12*f + 73. What are the prime factors of m(9)?
17
Let m(i) = i**2 - 4*i + 70. Let f be m(0). Let x = 25 + f. What are the prime factors of x?
5, 19
Suppose 101*u = 108*u - 3430. What are the prime factors of u?
2, 5, 7
Suppose -g + 20 = 3*g. Let m be (0 + -1)*50/g. List the prime factors of (-1 - 14)*4/m.
2, 3
Let v(l) = -9*l - 39. List the prime factors of v(-17).
2, 3, 19
Let o(n) = -n**3 - 15*n**2 - 20*n + 94. List the prime factors of o(-18).
2, 23, 31
Let x(p) = -11*p - 14. Let d be x(8). Let r = -63 - d. Suppose m = -2*c + r, 7*c - 2*c = 3*m - 172. List the prime factors of m.
7
Let s = -3 - -11. Let d be (-7)/(-3) + s/(-24). Suppose -d*a + a = -31. What are the prime factors of a?
31
Suppose l + 0*l + 4*x + 19 = 0, 16 = -4*x. Let w(b) = 33*b - 37. Let h be w(-7). What are the prime factors of l/(-2 + h/(-140))?
5, 7
Let z be 4/(-28) + (-1725)/(-21). Let s(p) = -3*p. Let y be s(-1). Suppose y*b - 14 - z = 0. What are the prime factors of b?
2
Suppose 39*g - 8*g - 42408 = 0. What are the prime factors of g?
2, 3, 19
Let c(v) = -4*v**2 - 4*v + 2. Let r(m) = -5*m**2 - 5*m + 2. Let f(s) = 4*c(s) - 3*r(s). Let x be f(-4). What are the prime factors of x + 11 + 1*4?
5
Suppose -5*c + 110 = 5*d, -d + 4*c + 92 = 4*d. Let s(f) = -9*f**2 + 58*f - 1. Let a be s(6). Suppose -d*l = -a*l + 135. List the prime factors of l.
3, 5
Let y(v) = 4367*v**2 + 16*v - 12. What are the prime factors of y(1)?
3, 31, 47
Suppose 157 = -4*k - 5*l, -2*k - l - 83 = -0*l. List the prime factors of k - -144 - (4 + -1 + -1).
3, 11
Let x = 29 - 26. Let g be 2/((-4)/(-1992)*x). Suppose -5*t + 2*c + 337 = 4*c, 5*t = 3*c + g. List the prime factors of t.
67
Let s(x) = x + 5. Let o be s(-2). Suppose 2*t + 10 = -4*n, -o*t = -4*n - 13 - 12. Suppose a + 92 = t*a. List the prime factors of a.
2, 23
Let a = 4019 + -1399. What are the prime factors of a?
2, 5, 131
Let y = 